*(-80)/(-12) is divided by p.
26
Let o(y) = 32*y**2 - 3*y - 2. Let q be ((-3)/6)/(3/12*2). Calculate the remainder when o(q) is divided by 17.
16
Suppose -62 = -3*p + 5*u - 19, 3*p - 39 = 3*u. Calculate the remainder when (-8)/3*90/(-12) is divided by p.
9
Suppose -12 = -3*a, 0 = 3*n - 2*a + 5*a - 12. Suppose r - w - 20 = n, 145 = 5*r + w + 45. What is the remainder when r is divided by 9?
2
Let j be 6/8 + 17/4 + -4. Let y(z) = 137*z**2. Calculate the remainder when y(j) is divided by 23.
22
Suppose 14*k + k = 1005. Calculate the remainder when k is divided by 28.
11
Let y = 6 + -3. Suppose -2*a + 110 = y*a. Let q(z) = z**3 - 31*z**2 + 35*z - 142. Calculate the remainder when a is divided by q(30).
6
Let h(c) = -c**3 + 8*c**2 - 5*c - 7. Let w(o) = 3*o - 7. Let m(g) = -g + 3. Let d be m(-3). Calculate the remainder when w(d) is divided by h(7).
4
Suppose 70 = 4*o + 3*o. Suppose 6*d + 24 = o*d. Calculate the remainder when 11 is divided by d.
5
Suppose -5*y = -2*y - 4*c - 11, -c - 23 = -3*y. What is the remainder when 24 is divided by y?
6
Suppose -i - 3*s = -20 + 24, s + 44 = 5*i. What is the remainder when 247 is divided by i?
7
Suppose 0 = -o, 5*c = c - 2*o + 8. Suppose -3*q = -3*x - 35 - 55, -4*x = -4. Let f = 38 - q. Calculate the remainder when f is divided by c.
1
Let j(c) = -c**3 - 6*c**2 + 3. Let b be j(-6). Suppose 0*o = b*o - 54. Suppose -49 = -11*s + 6. What is the remainder when o is divided by s?
3
Suppose -534 = -7*p + 159. Calculate the remainder when p is divided by 25.
24
Suppose 0 = a + 25 - 6. Let v = 31 + a. Calculate the remainder when v is divided by 56/32*(2 + 2).
5
Let o(x) = -6*x**2 + 32*x - 7. Let c be o(5). Suppose l + 5*s - 193 = 0, -6*l + 4*s = -c*l - 636. What is the remainder when l is divided by 21?
19
Suppose s = -4*q + 16, -7*s + 20 = -2*s. Suppose -5*g - 5*j = -450, j - 364 + 96 = -q*g. Let i = g - 63. Calculate the remainder when i is divided by 7.
5
Let f = -14 + 200. Let c = f - 97. What is the remainder when c is divided by 30?
29
Let j be 0 + 493/11 - 8/(-44). Let r = j + -19. Calculate the remainder when 51 is divided by r.
25
Let v = -48 + 65. Suppose 2*r + 5 - v = 0. What is the remainder when 11 is divided by r?
5
Suppose -3*z + 9 = 27. Let h = 18 + z. Let g = -8 + h. What is the remainder when g is divided by 2?
0
Let d(i) be the first derivative of -i**4/2 - 5*i**3/3 - 4*i**2 - 7*i + 9. What is the remainder when d(-3) is divided by 14?
12
Suppose 256 = 35*f - 31*f. Calculate the remainder when f is divided by 17.
13
Suppose -5*k + 3*k + 4 = 5*m, 2*m + 5*k = -11. Suppose n - 229 = -4*w + m*w, -n = -4*w - 247. What is the remainder when n is divided by 60?
55
Let z(n) = -2*n + 5. Let i be z(6). What is the remainder when 85 is divided by 2/i + (-312)/(-14)?
19
Let k = 8 + -7. Let h(i) = -i. Let b(y) = -y**2 + 8*y + 3. Let g(f) = k*b(f) + 3*h(f). Calculate the remainder when 4 is divided by g(5).
1
Let s = -8 - -8. Suppose f + y - 113 = s, -2*y = 3*f - 6*f + 344. Suppose -4*x + f = -x. What is the remainder when x is divided by 10?
8
Let f(n) = n**2 + 7*n + 6. Let b be f(-7). Suppose -b*r + 2*r = 2*t - 40, 0 = t - r - 17. What is the remainder when t is divided by 10?
8
Let r(o) = -o**3 + 11*o**2 - 3*o + 10. Let m be r(11). Let l = m - -113. Calculate the remainder when l is divided by 23.
21
Let m(p) = 4*p - 2*p**2 + 8 + 3*p**2 + p. Let l be m(-8). Let d = l + -22. Calculate the remainder when 37 is divided by d.
7
Calculate the remainder when (-426)/(-639)*(1 + 116)*2 is divided by 9.
3
What is the remainder when 324 is divided by -2*(-8 - -5) + (93 - -3)?
18
Calculate the remainder when 89 is divided by (-12)/(-8)*(-4 - (-518)/21).
27
Let c be 84 - (-2)/(4 + -2). Suppose 5*s - 5*o = c, 2*s - o = 2*o + 34. Let t = 13943 - 13933. What is the remainder when s is divided by t?
7
Let w(n) = -n**2 + 11*n - 10. Let q be w(10). Suppose -z = q, 5*g + 0*z - 4*z = 120. What is the remainder when 92 is divided by g?
20
Let r(d) = -d**3 - 46*d**2 + 153. Calculate the remainder when r(-46) is divided by 42.
27
Suppose 9*p - 3*p + 132 = 0. Let d = p + 24. Calculate the remainder when 9 is divided by d.
1
Let g(x) = -8*x**2 - 60*x + 16. What is the remainder when 260 is divided by g(-6)?
84
Suppose 2*x + 15 = x. What is the remainder when (-42 - (0 - 0))/(-1) is divided by (x/4)/(19/(-76))?
12
Suppose -4*y - 4 = 4*p - 24, p = 2*y + 2. Suppose -27 - 13 = -p*a. Suppose 3*i - 89 + 2 = 0. Calculate the remainder when i is divided by a.
9
Let y(q) = q**3 - q**2 - 4*q - 3. Let c be y(3). Suppose -13*h + 250 = c. What is the remainder when h is divided by (5 - 5) + 1*11?
8
Suppose 2223 = 1231*w - 1222*w. Calculate the remainder when w is divided by 23.
17
Let y = -1411 - -1537. Calculate the remainder when y is divided by 65.
61
Let x be (58/3)/((-6)/(-18)). Suppose 7*y = 3*c + 12*y - 174, -c - y = -x. Calculate the remainder when c is divided by 15.
13
Calculate the remainder when 11 is divided by (-38)/(-4) - (-47)/94.
1
Let l(k) = 2*k**2 + 9*k + 8. Let w = 1 + -1. Suppose 5*h - 45 = -w*h. What is the remainder when l(-6) is divided by h?
8
Let x(c) = 5*c**3 + 30*c**2 + 2*c - 7. What is the remainder when x(-5) is divided by 22?
20
Let v = 36 + -1. Suppose j + 6 = 4*j. Suppose 4*r = 4*n - 424, 5*r + 13 = -j. Calculate the remainder when n is divided by v.
33
Let t(p) = p**2 - 3. Let v be t(-3). Suppose 27 = v*f - 3. Calculate the remainder when 24 is divided by f.
4
Suppose -18*f + 15 = -13*f. Let k be (-36)/(3/f + -3). Let r = 23 - k. Calculate the remainder when 13 is divided by r.
3
Suppose 212 = 2*a - 204. What is the remainder when a is divided by 53?
49
Suppose -19 - 25 = -4*b + 3*p, 0 = b - 3*p - 20. Calculate the remainder when 9 is divided by b.
1
Suppose 6*w - 11 = 7. Suppose 0 = 4*a, l + 5*a = -w*l + 20. Calculate the remainder when 6 is divided by l.
1
Suppose -377*x = -q - 374*x + 52, -95 = -2*q - 3*x. Let j(i) = 12*i + 3. Let n be j(4). Suppose -4*l + 53 + n = 0. What is the remainder when q is divided by l?
23
Let z(q) = 2*q**3 + 6*q**2 + 17*q - 48. Calculate the remainder when z(4) is divided by 5.
4
Let m(r) = 6*r - 2. Let u(n) = n - 13. Let l be u(10). Let p = 17 + l. Calculate the remainder when m(7) is divided by p.
12
Let p = 36 - 31. Let l = p + 17. Calculate the remainder when 41 is divided by l.
19
Let w = 28 + -4. Let g = w + -40. Let f = 51 + g. Calculate the remainder when f is divided by 12.
11
Calculate the remainder when (946/(-55))/(0 - (-3)/(-15)) is divided by 2.
0
Let i(q) = -q - 7. Suppose 10 = -3*t - 11. Let p be i(t). Suppose -2*s + 4*s - 106 = p. Calculate the remainder when s is divided by 14.
11
What is the remainder when 14/16 + -1 + 110086/304 is divided by 26?
24
Let x(r) = r**3 + 35*r**2 + 5. Let f = 7 - 1. Calculate the remainder when (28/f)/((-4)/(-6)) is divided by x(-35).
2
What is the remainder when 2 + 6 - (-1307 + 7) is divided by 5?
3
Suppose -3*r + 22 = 4*y, 0*y + 3*r + 20 = 2*y. Suppose f + 4 = 0, 3*f - y*f + 2 = d. What is the remainder when 61 is divided by d?
7
Let u(j) = -17*j + 2. Calculate the remainder when u(-5) is divided by 6/9 - (-1408)/48.
27
Let c(h) = 5*h**2 + 3*h. What is the remainder when c(-5) is divided by (-5 + (-2 - 178))/(-5)?
36
Let v(y) = -4*y**3 - 8*y**2 - 4*y - 3. Calculate the remainder when 298 is divided by v(-3).
28
Suppose -5*s = -5*d, 3*d + 3*s = -s + 7. Let h be d - 1 - (-4 - -26). Let n = h - -29. Calculate the remainder when n is divided by 5.
2
Let t(y) = 4*y + 220. Calculate the remainder when t(-8) is divided by 37.
3
Let d(u) = u**2 - 9*u - 7. Let w be d(10). Suppose -j = w*m - 11, -3*m = m + 2*j - 16. Let b = 9 - m. Calculate the remainder when b is divided by 2.
0
Let u be ((-26)/(-4))/(1/2). Suppose 0 = -5*n + 4*n + u. Suppose -5*p + 12*p - 357 = 0. Calculate the remainder when p is divided by n.
12
Let h(r) = 3*r - 25. Let w be h(6). Let b = 92 - w. Suppose -4*q - 5*p = -83 - b, 3*q = -2*p + 133. Calculate the remainder when q is divided by 11.
10
Suppose 0 = -53*p - 1764 + 7329. Calculate the remainder when p is divided by 81.
24
Suppose 0 = 14*f - 7*f - 378. Calculate the remainder when f*(14/(-28))/((-1)/2) is divided by 11.
10
Let b be (25/5)/(1/5). Suppose 0 = 5*q - b. Suppose -883 = -5*y - 873. Calculate the rema